{"id":158,"date":"2022-10-10T11:25:12","date_gmt":"2022-10-10T09:25:12","guid":{"rendered":"http:\/\/dev.falkenbergstak.se\/?page_id=158"},"modified":"2022-10-10T12:28:02","modified_gmt":"2022-10-10T10:28:02","slug":"kontakt","status":"publish","type":"page","link":"https:\/\/falkenbergstak.se\/?page_id=158","title":{"rendered":"Kontakt"},"content":{"rendered":"\t\t<div data-elementor-type=\"wp-page\" data-elementor-id=\"158\" class=\"elementor elementor-158\">\n\t\t\t\t\t\t\t\t\t<section class=\"elementor-section elementor-top-section elementor-element elementor-element-1c67548 elementor-section-full_width elementor-section-height-default elementor-section-height-default\" data-id=\"1c67548\" data-element_type=\"section\">\n\t\t\t\t\t\t<div class=\"elementor-container elementor-column-gap-no\">\n\t\t\t\t\t<div class=\"elementor-column elementor-col-100 elementor-top-column elementor-element elementor-element-81ecd1b\" data-id=\"81ecd1b\" data-element_type=\"column\">\n\t\t\t<div class=\"elementor-widget-wrap elementor-element-populated\">\n\t\t\t\t\t\t\t\t<div class=\"elementor-element elementor-element-b22fd5f elementor-widget elementor-widget-google_maps\" data-id=\"b22fd5f\" data-element_type=\"widget\" data-widget_type=\"google_maps.default\">\n\t\t\t\t<div class=\"elementor-widget-container\">\n\t\t\t<style>\/*! elementor - v3.8.1 - 13-11-2022 *\/\n.elementor-widget-google_maps .elementor-widget-container{overflow:hidden}.elementor-widget-google_maps iframe{height:300px}<\/style>\t\t<div class=\"elementor-custom-embed\">\n\t\t\t<iframe frameborder=\"0\" scrolling=\"no\" marginheight=\"0\" marginwidth=\"0\"\n\t\t\t\t\tsrc=\"https:\/\/maps.google.com\/maps?q=Falkenbergs%20Takt%C3%A4ckning%2C%20skreav%C3%A4gen%2045C%2C%20311%2044%20Falkenberg&#038;t=m&#038;z=12&#038;output=embed&#038;iwloc=near\"\n\t\t\t\t\ttitle=\"Falkenbergs Takt\u00e4ckning, skreav\u00e4gen 45C, 311 44 Falkenberg\"\n\t\t\t\t\taria-label=\"Falkenbergs Takt\u00e4ckning, skreav\u00e4gen 45C, 311 44 Falkenberg\"\n\t\t\t><\/iframe>\n\t\t<\/div>\n\t\t\t\t<\/div>\n\t\t\t\t<\/div>\n\t\t\t\t\t<\/div>\n\t\t<\/div>\n\t\t\t\t\t\t\t<\/div>\n\t\t<\/section>\n\t\t\t\t<section class=\"elementor-section elementor-top-section elementor-element elementor-element-d375d1c elementor-section-boxed elementor-section-height-default elementor-section-height-default\" data-id=\"d375d1c\" data-element_type=\"section\">\n\t\t\t\t\t\t<div class=\"elementor-container elementor-column-gap-default\">\n\t\t\t\t\t<div class=\"elementor-column elementor-col-100 elementor-top-column elementor-element elementor-element-19311b9\" data-id=\"19311b9\" data-element_type=\"column\">\n\t\t\t<div class=\"elementor-widget-wrap elementor-element-populated\">\n\t\t\t\t\t\t\t\t<div class=\"elementor-element elementor-element-78b501a elementor-widget elementor-widget-text-editor\" data-id=\"78b501a\" data-element_type=\"widget\" data-widget_type=\"text-editor.default\">\n\t\t\t\t<div class=\"elementor-widget-container\">\n\t\t\t<style>\/*! elementor - v3.8.1 - 13-11-2022 *\/\n.elementor-widget-text-editor.elementor-drop-cap-view-stacked .elementor-drop-cap{background-color:#818a91;color:#fff}.elementor-widget-text-editor.elementor-drop-cap-view-framed .elementor-drop-cap{color:#818a91;border:3px solid;background-color:transparent}.elementor-widget-text-editor:not(.elementor-drop-cap-view-default) .elementor-drop-cap{margin-top:8px}.elementor-widget-text-editor:not(.elementor-drop-cap-view-default) .elementor-drop-cap-letter{width:1em;height:1em}.elementor-widget-text-editor .elementor-drop-cap{float:left;text-align:center;line-height:1;font-size:50px}.elementor-widget-text-editor .elementor-drop-cap-letter{display:inline-block}<\/style>\t\t\t\t<p style=\"text-align: center;\"><strong>Falkenbergs Takt\u00e4ckning<\/strong><br \/>Niklas Bergman<br \/>Skreav\u00e4gen 45c<br \/>311 44 Falkenberg<\/p><p style=\"text-align: center;\">Mobil: 070 &#8211; 581 80 46<br \/><a href=\"mailto:niklas@falkenbergstak.se\">niklas@falkenbergstak.se<\/a><br \/>Tveka inte att maila mig, jag svarar g\u00e4rna p\u00e5 dina fr\u00e5gor!<\/p>\t\t\t\t\t\t<\/div>\n\t\t\t\t<\/div>\n\t\t\t\t\t<\/div>\n\t\t<\/div>\n\t\t\t\t\t\t\t<\/div>\n\t\t<\/section>\n\t\t\t\t\t\t\t<\/div>\n\t\t","protected":false},"excerpt":{"rendered":"<p>Falkenbergs Takt\u00e4ckningNiklas BergmanSkreav\u00e4gen 45c311 44 Falkenberg Mobil: 070 &#8211; 581 80 46niklas@falkenbergstak.seTveka inte att maila mig, jag svarar g\u00e4rna p\u00e5 dina fr\u00e5gor!<\/p>\n","protected":false},"author":1,"featured_media":0,"parent":0,"menu_order":0,"comment_status":"closed","ping_status":"closed","template":"","meta":{"footnotes":""},"class_list":["post-158","page","type-page","status-publish","hentry"],"_links":{"self":[{"href":"https:\/\/falkenbergstak.se\/index.php?rest_route=\/wp\/v2\/pages\/158","targetHints":{"allow":["GET"]}}],"collection":[{"href":"https:\/\/falkenbergstak.se\/index.php?rest_route=\/wp\/v2\/pages"}],"about":[{"href":"https:\/\/falkenbergstak.se\/index.php?rest_route=\/wp\/v2\/types\/page"}],"author":[{"embeddable":true,"href":"https:\/\/falkenbergstak.se\/index.php?rest_route=\/wp\/v2\/users\/1"}],"replies":[{"embeddable":true,"href":"https:\/\/falkenbergstak.se\/index.php?rest_route=%2Fwp%2Fv2%2Fcomments&post=158"}],"version-history":[{"count":13,"href":"https:\/\/falkenbergstak.se\/index.php?rest_route=\/wp\/v2\/pages\/158\/revisions"}],"predecessor-version":[{"id":191,"href":"https:\/\/falkenbergstak.se\/index.php?rest_route=\/wp\/v2\/pages\/158\/revisions\/191"}],"wp:attachment":[{"href":"https:\/\/falkenbergstak.se\/index.php?rest_route=%2Fwp%2Fv2%2Fmedia&parent=158"}],"curies":[{"name":"wp","href":"https:\/\/api.w.org\/{rel}","templated":true}]}}